{"id":5458,"date":"2017-08-12T14:57:51","date_gmt":"2017-08-12T12:57:51","guid":{"rendered":"http:\/\/c-boehling.de\/kangenwasser\/?page_id=5458"},"modified":"2018-07-08T19:26:43","modified_gmt":"2018-07-08T17:26:43","slug":"dasbestewasserderwelt","status":"publish","type":"page","link":"https:\/\/c-boehling.de\/kangenwasser\/","title":{"rendered":"Das beste Wasser der Welt"},"content":{"rendered":"<p><strong>In diesem Report lesen Sie:<\/strong><\/p>\n<ul>\n<li>Warum es das beste Wasser der Welt nicht zu kaufen gibt<\/li>\n<li>Wie Sie es dennoch bekommen k\u00f6nnen<\/li>\n<li>Warum es sogar g\u00fcnstiger ist als die meisten Flaschenw\u00e4sser<\/li>\n<li>Wie meine Hautprobleme in wenigen Wochen verschwunden waren (<span style=\"color: #ff0000;\">mit Fotos<\/span>)<\/li>\n<li>Wie Sie mit Wasser Ihre Selbstheilungskr\u00e4fte mobilisieren<\/li>\n<li>Wie Sie mit Wasser Ihren Alterungsproze\u00df beeinflussen k\u00f6nnen<\/li>\n<li>Was die drei gemeinsamen m\u00e4chtigen Eigenschaften sind, die dieses Wasser mit den ber\u00fchmten Heilquellen von Lourdes oder Nordenau u. a. verbindet<\/li>\n<li>Warum diese drei Eigenschaften so enorm wichtig sind f\u00fcr Ihr gesamtes Wohlbefinden<\/li>\n<\/ul>\n<p>&nbsp;<\/p>\n<p class=\"p6\" style=\"text-align: center;\"><span style=\"color: #0000ff;\">So wird sich auch Ihr Leben bald ver\u00e4ndern!<\/span><\/p>\n<p class=\"p6\" style=\"text-align: center;\"><b>\u00dcber 1.000.000 mal erfolgreich angewendet!<\/b><\/p>\n<h4 style=\"text-align: center;\"><span style=\"color: #ff0000;\">Jetzt hier kostenlos herunterladen<\/span><\/h4>\n<p><!-- Kartra Form --><\/p>\n<div class=\"kartra_optin_containerc4ca4238a0b923820dcc509a6f75849b\"><\/div>\n<p><script src=\"https:\/\/app.kartra.com\/optin\/14mslvkiIwoQ\"><\/script><br \/>\n<!-- End of Kartra Form --><br \/>\n<small><strong>Bitte beachten:<\/strong><br \/>\nUnmittelbar nach Ihrer Anmeldung erhalten Sie eine Best\u00e4tigungsmail von <a href=\"mailto:wasser@c-boehling.de\">kangenwater@kartra.com<\/a> Darin finden Sie einen Link, mit dem Sie Ihren Download-Wunsch best\u00e4tigen. Erst dann d\u00fcrfen wir Ihnen &#8211; so sieht es das Gesetz vor &#8211; Ihre gew\u00fcnschten Informationen zusenden.<br \/>\n<strong>Wichtig:<\/strong><br \/>\nWir geben Ihre Daten niemals an Dritte weiter. Sie k\u00f6nnen Ihre E-Mail-Adresse jederzeit mit nur einem Mausklick aus unserem System l\u00f6schen.<\/small><\/p>\n<p class=\"p3\"><b>Diese Nebenwirkungen kennen Sie ja bereits &#8211;<\/b><b>\u00a0aber h<\/b><b>offentlich nur bei anderen!<\/b><\/p>\n<p class=\"p3\"><b> Wollen Sie sie behalten oder loswerden?<\/b><\/p>\n<ul class=\"ul1\">\n<li class=\"li4\">Kopfschmerzen<\/li>\n<li class=\"li4\">R\u00fcckenschmerzen<\/li>\n<li class=\"li4\">Bandscheibensch\u00e4den<\/li>\n<li class=\"li4\">Gelenkschmerzen<\/li>\n<li class=\"li4\">Bluthochdruck<\/li>\n<li class=\"li4\">Herz-Kreislauf-Beschwerden<\/li>\n<li class=\"li4\">Diabetes<\/li>\n<li class=\"li4\">Hautprobleme<\/li>\n<li class=\"li4\">\u00dcbergewicht<\/li>\n<li class=\"li4\">Magen- \/ Darm-Probleme<\/li>\n<li class=\"li4\">u. v. a. &#8222;altersbedingte&#8220; St\u00f6rungen<\/li>\n<\/ul>\n<p style=\"text-align: center;\"><strong><span style=\"color: #ff0000;\">Aktivieren Sie Ihre Selbstheilungskr\u00e4fte mit Wasser.<\/span><\/strong><\/p>\n<p style=\"text-align: center;\">Und hier geht\u00b4s zum <a href=\"http:\/\/c-boehling.de\/kangenwasser\/category\/allgemein\/\" target=\"_blank\" rel=\"noopener\">Blog<\/a>.<\/p>\n<p class=\"p6\" style=\"text-align: center;\">\u00a9 2018 Sondara C. B\u00f6hling | <a href=\"http:\/\/c-boehling.de\/kangenwasser\/impressum-disclaimer\/\"><span class=\"s2\">Impressum<\/span><\/a> und zur <a href=\"http:\/\/c-boehling.de\/kangenwasser\/datenschutzerklaerung\/\"><span class=\"s2\">Datenschutzerkl\u00e4rung<\/span><\/a><\/p>\n","protected":false},"excerpt":{"rendered":"<p>In diesem Report lesen Sie: Warum es das beste Wasser der Welt nicht zu kaufen gibt Wie Sie es dennoch bekommen k\u00f6nnen Warum es sogar g\u00fcnstiger ist als die meisten Flaschenw\u00e4sser Wie meine Hautprobleme in wenigen Wochen verschwunden waren (mit Fotos) Wie Sie mit Wasser Ihre Selbstheilungskr\u00e4fte mobilisieren Wie Sie mit Wasser Ihren Alterungsproze\u00df beeinflussen [&hellip;]<\/p>\n","protected":false},"author":1,"featured_media":5486,"parent":0,"menu_order":0,"comment_status":"closed","ping_status":"closed","template":"template-landing.php","meta":{"jetpack_post_was_ever_published":false,"footnotes":""},"class_list":["post-5458","page","type-page","status-publish","has-post-thumbnail","hentry"],"aioseo_notices":[],"jetpack_sharing_enabled":true,"_links":{"self":[{"href":"https:\/\/c-boehling.de\/kangenwasser\/wp-json\/wp\/v2\/pages\/5458","targetHints":{"allow":["GET"]}}],"collection":[{"href":"https:\/\/c-boehling.de\/kangenwasser\/wp-json\/wp\/v2\/pages"}],"about":[{"href":"https:\/\/c-boehling.de\/kangenwasser\/wp-json\/wp\/v2\/types\/page"}],"author":[{"embeddable":true,"href":"https:\/\/c-boehling.de\/kangenwasser\/wp-json\/wp\/v2\/users\/1"}],"replies":[{"embeddable":true,"href":"https:\/\/c-boehling.de\/kangenwasser\/wp-json\/wp\/v2\/comments?post=5458"}],"version-history":[{"count":25,"href":"https:\/\/c-boehling.de\/kangenwasser\/wp-json\/wp\/v2\/pages\/5458\/revisions"}],"predecessor-version":[{"id":5579,"href":"https:\/\/c-boehling.de\/kangenwasser\/wp-json\/wp\/v2\/pages\/5458\/revisions\/5579"}],"wp:featuredmedia":[{"embeddable":true,"href":"https:\/\/c-boehling.de\/kangenwasser\/wp-json\/wp\/v2\/media\/5486"}],"wp:attachment":[{"href":"https:\/\/c-boehling.de\/kangenwasser\/wp-json\/wp\/v2\/media?parent=5458"}],"curies":[{"name":"wp","href":"https:\/\/api.w.org\/{rel}","templated":true}]}}