{"id":54,"date":"2009-06-29T18:20:08","date_gmt":"2009-06-29T16:20:08","guid":{"rendered":"http:\/\/c-boehling.de\/kangenwasser\/?page_id=54"},"modified":"2014-02-20T14:49:08","modified_gmt":"2014-02-20T12:49:08","slug":"vorzuege-von-kangen-wasser-ph-8-9","status":"publish","type":"page","link":"https:\/\/c-boehling.de\/kangenwasser\/wasserqualitaten\/elektrolyse\/vorzuege-von-kangen-wasser-ph-8-9\/","title":{"rendered":"Vorz\u00fcge von Kangen Wasser (pH 8,0 &#8211; 9,5)"},"content":{"rendered":"<p style=\"padding-bottom: 10px; margin-top: 0px; margin-right: 0px; margin-bottom: 3px; margin-left: 0px;\"><span style=\"color: #ee313d;\">Aus einer Infoschrift der Fa. Enagic &#8211; Hersteller des Kangenwasser Ger\u00e4tes:<\/span><\/p>\n<ul style=\"padding-left: 1.7em; line-height: 18px;\">\n<li><span style=\"color: #4100ff;\"><strong>Absorption<\/strong> &#8230; Macht verschiedene Ingredienzen weicher<\/span><\/li>\n<li><span style=\"color: #4100ff;\"><strong>L\u00f6sungseigenschaften<\/strong> &#8230; F\u00fcr effektives L\u00f6sen und Extrahieren von Inhaltsstoffen<\/span><\/li>\n<li><span style=\"color: #4100ff;\"><strong>W\u00e4rmeleitung<\/strong> &#8230; Verk\u00fcrzt die Garzeit durch bessere W\u00e4rmeleitung<\/span><\/li>\n<\/ul>\n<ol style=\"padding-left: 1.7em; line-height: 18px;\">\n<li><span style=\"color: #4100ff;\"><strong>Als Trinkwasser anwenden<\/strong><\/span>\n<p style=\"padding-bottom: 10px; margin-top: 0px; margin-right: 0px; margin-bottom: 3px; margin-left: 0px;\"><span style=\"color: #4100ff;\">Trinken Sie morgens als erstes zwei bis drei Gl\u00e4ser Kangenwasser. Im Vergleich zum Leitungswasser ist Kangenwasser frei von unerfreulichem Geruch und hat einen leichteren und angenehm s\u00fc\u00dflichen Geschmack.<\/span><\/p>\n<\/li>\n<li><span style=\"color: #4100ff;\"><strong>Zum Verhindern eines &#8222;Katers&#8220; vor dem Schlafen trinken<\/strong><\/span>\n<p style=\"padding-bottom: 10px; margin-top: 0px; margin-right: 0px; margin-bottom: 3px; margin-left: 0px;\"><span style=\"color: #4100ff; \">Trinken Sie zwei bis drei Gl\u00e4ser Kangenwasser, um die Symptome eines bevorstehenden &#8222;Katers&#8220; zu lindern.<\/span><\/p>\n<\/li>\n<li><span style=\"color: #4100ff;\"><strong>Zu Mahlzeiten trinken<\/strong><\/span>\n<p style=\"padding-bottom: 10px; margin-top: 0px; margin-right: 0px; margin-bottom: 3px; margin-left: 0px;\"><span style=\"color: #4100ff; \">Es ist wichtig, da\u00df eine Mahlzeit viel Gem\u00fcse enth\u00e4lt, wenn man gr\u00f6\u00dfere Mengen s\u00e4urehaltiger Lebensmittel wie Eigelb, polierter Reis oder Fleisch zu sich nimmt. Alkalisches (basisches) Kangenwasser zu trinken ist gleicherma\u00dfen wichtig, um die sauren und basischen Wirkungen solcher Lebensmittel auszugleichen.<\/span><\/p>\n<\/li>\n<li><span style=\"color: #4100ff;\"><strong>F\u00fcr einen herrlich milden Geschmack und eine ansprechendere Farbe von gr\u00fcnem Tee, Kaffee und schwarzem Tee\n<ul style=\"padding-left: 1.7em; line-height: 18px; list-style-type: square;\">\n<li style=\"line-height: 18px; font: normal normal normal 12px\/normal 'Trebuchet MS'; color: #2d2dff; margin: 0px;\"><span style=\"color: #4100ff; line-height: 18px;\">Gr\u00fcner Tee: Kangenwasser verhindert das Tannin im Tee und sorgt f\u00fcr eine kr\u00e4ftige Farbe. Es eliminiert den h\u00e4ufig bitteren nachgeschmack von Tees. Der Tee schmeckt auch gut, selbst wenn er kalt getrunken wird.<\/span><\/li>\n<\/ul>\n<p><\/strong><\/p>\n<ul style=\"padding-left: 1.7em; line-height: 18px;\">\n<li><span style=\"color: #4100ff;\">Kaffee: Kangenwasser verbessert das Aroma und die Farbe des Kaffees, erh\u00e4lt aber die nat\u00fcrliche s\u00e4uerliche Note. Dies erm\u00f6glicht einen vollen, reichen Geschmack und ein verf\u00fchrerisches Aroma. Kaffee eben, wie aus der Werbung.<\/span><\/li>\n<li><span style=\"color: #4100ff;\">Schwarzer Tee: Kangenwasser sorgt f\u00fcr einen milderen Geschmack und eine kr\u00e4ftige Farbe des Tees.<\/span><\/li>\n<\/ul>\n<p><\/span><\/li>\n<li><span style=\"color: #4100ff;\"><strong>Whisky durch Verd\u00fcnnen mit Kangenwasser einen weicheren, milderen Geschmack geben.<\/strong><\/span>\n<p style=\"padding-bottom: 10px; margin-top: 0px; margin-right: 0px; margin-bottom: 3px; margin-left: 0px;\"><span style=\"color: #4100ff;\">Machen Sie auch Ihre Eisw\u00fcrfel mit Kangenwasser!<\/span><br \/>\n<span style=\"color: #4100ff;\">Whisky ist ein stark s\u00e4urehaltiges Getr\u00e4nk. Durch Verd\u00fcnnen mit kangenwasser l\u00e4\u00dft sich (bedingt durch die alkalischen Eigenschaften) die Wahrscheinlichkeit eines Katzenjammers reduzieren (getestet mit pH-Reagenz).<\/span><\/p>\n<\/li>\n<li><span style=\"color: #4100ff;\"><strong>Mit angew\u00e4rmtem Kangenwasser Bier und Spirituosen verd\u00fcnnen. <\/strong><\/span><span style=\"color: #4100ff;\">\n<p style=\"padding-bottom: 10px; margin-top: 0px; margin-right: 0px; margin-bottom: 3px; margin-left: 0px; line-height: 18px; font: normal normal normal 12px\/normal 'Trebuchet MS'; min-height: 14px;\"><span style=\"line-height: 18px;\">Geben Sie je nach Menge des Bieres 5-20% Kangenwasser hinzu. Das Bier wirkt milder, ohne seinen Geschmack zu verlieren.<\/span><\/p>\n<p><\/span><\/li>\n<li><span style=\"color: #4100ff;\"><strong>Beim Kochen von Suppen mit Kangenwasser den Geschmack der Suppengrundlage entfalten, auch wenn nur wenig W\u00fcrze verwendet wird.<\/strong><\/span><br \/>\n<span style=\"color: #4100ff;\">Bereiten Sie mit Kangenwasser k\u00f6stliche Suppen zu. Durch seine L\u00f6sungseigenschaften bringt es den nat\u00fcrlichen Geschmack der Zutaten besser zur Entfaltung.<\/span><\/p>\n<p style=\"padding-bottom: 10px; margin-top: 0px; margin-right: 0px; margin-bottom: 3px; margin-left: 0px;\">\n<\/li>\n<li><span style=\"color: #4100ff;\"><strong>Zu W\u00fcrzmitteln und Gew\u00fcrzen hinzugeben<\/strong><\/span><br \/>\n<span style=\"color: #4100ff;\">Erhalten Sie den delikaten Geschmack von Soja-Sauce und anderen stark gew\u00fcrzten Saucen, indem Sie die \u00fcbliche Menge durch Verd\u00fcnnen mit Kangenwasser um ein Drittel bis ein Viertel reduzieren.<\/span><\/li>\n<li><span style=\"color: #4100ff;\"><strong>Geschmack von vorgekochtem Gem\u00fcse verbessern<\/strong>\n<p style=\"padding-bottom: 10px; margin-top: 0px; margin-right: 0px; margin-bottom: 3px; margin-left: 0px; line-height: 18px; font: normal normal normal 12px\/normal 'Trebuchet MS'; min-height: 14px;\"><span style=\"color: #2d2dff;\">Verwenden Sie es zum Vorkochen von Gem\u00fcse wie Schwarzwurzeln, Zwiebeln, Baambussprossen usw., um den Geschmack zu verbessern.<\/span><\/p>\n<p><\/span><\/li>\n<li><span style=\"color: #4100ff;\"><strong>Zum Abkochen von gr\u00fcnem Gem\u00fcse verwenden<\/strong>\n<p style=\"padding-bottom: 10px; margin-top: 0px; margin-right: 0px; margin-bottom: 3px; margin-left: 0px; line-height: 18px; font: normal normal normal 12px\/normal 'Trebuchet MS'; min-height: 14px;\"><span style=\"color: #2d2dff;\">Abkochen von Spinat, Brechbohnen, Brokkoli und anderem Gem\u00fcse in Kangenwasser erh\u00e4lt deren lebendig-gr\u00fcne Farbe.<\/span><\/p>\n<p><\/span><\/li>\n<li><span style=\"color: #4100ff;\"><strong>Leber und verschiedene Fleischsorten in Kangenwasser tr\u00e4nken<\/strong>\n<p style=\"padding-bottom: 10px; margin-top: 0px; margin-right: 0px; margin-bottom: 3px; margin-left: 0px; line-height: 18px; font: normal normal normal 12px\/normal 'Trebuchet MS'; min-height: 14px;\"><span style=\"color: #2d2dff;\">Wenn Sie Leber oder andere unangenehm riechende Fleischsorten wie Hammel f\u00fcr 20-30 Minuten in Kangenwasser einlegen, entzieht es Blut und reduziert starke Ger\u00fcche.<\/span><\/p>\n<p><\/span><\/li>\n<li><span style=\"color: #4100ff;\"><strong>Kochgerichte<\/strong>\n<p style=\"padding-bottom: 10px; margin-top: 0px; margin-right: 0px; margin-bottom: 3px; margin-left: 0px; line-height: 18px; font: normal normal normal 12px\/normal 'Trebuchet MS'; min-height: 14px;\"><span style=\"color: #2d2dff;\">Das Wasser entfaltet den nat\u00fcrlichen Geschmack der Zutaten und verleiht diesen eine zartere Konsistenz. Verringern Sie unbedingt die Menge an W\u00fcrzmitteln, da beim Kochen mit Kangenwasser weniger W\u00fcrze erforderlich ist.<\/span><\/p>\n<p><\/span><\/li>\n<li><span style=\"color: #4100ff;\"><strong>W\u00e4rmeleitung<\/strong>\n<p style=\"padding-bottom: 10px; margin-top: 0px; margin-right: 0px; margin-bottom: 3px; margin-left: 0px; line-height: 18px; font: normal normal normal 12px\/normal 'Trebuchet MS'; min-height: 14px;\"><span style=\"color: #2d2dff;\">Kangenwasser verbessert die W\u00e4rmeleitung, was die Garzeit verk\u00fcrzt und damit auch die Nebenkosten der Zubereitung senkt. Achten Sie wegen der k\u00fcrzeren Garzeit darauf, die Gerichte nicht zu \u00fcberkochen!<\/span><\/p>\n<p><\/span><\/li>\n<li><span style=\"color: #4100ff;\"><strong>Pflanzen und Blumen mit Kangenwasser gie\u00dfen (verl\u00e4ngert die Frische und Lebensdauer und kann zur Gesundung erkrankter Pflanzen beitragen; pH 9,0 verwenden)<\/strong>\n<p style=\"padding-bottom: 10px; margin-top: 0px; margin-right: 0px; margin-bottom: 3px; margin-left: 0px; line-height: 18px; font: normal normal normal 12px\/normal 'Trebuchet MS'; min-height: 14px;\"><span style=\"color: #2d2dff;\">Bitte denken Sie daran, da\u00df bestimmte Blumen, B\u00e4ume und Str\u00e4ucher wie Rosen und Blaubeere ein saures Umfeld bevorzugen. Bespr\u00fchen Sie bei solchen Pflanzen den Stamm oder begie\u00dfen Sie die Pflanze mit einer um 300% verd\u00fcnnten L\u00f6sung.<\/span><\/p>\n<p><\/span><\/li>\n<li><span style=\"color: #4100ff;\"><strong>Samen in Kangenwasser keimen lassen und frisch ausgekeimte Pflanzen damit begie\u00dfen<\/strong>\n<p style=\"padding-bottom: 10px; margin-top: 0px; margin-right: 0px; margin-bottom: 3px; margin-left: 0px; line-height: 18px; font: normal normal normal 12px\/normal 'Trebuchet MS'; min-height: 14px;\"><span style=\"color: #2d2dff;\">Kangenwasser stimuliert das Auskeimen und f\u00f6rdert die Entwicklung der Keimlinge.<\/span><\/p>\n<p><\/span><\/li>\n<li><span style=\"color: #4100ff;\"><strong>Trinkwasser f\u00fcr Tiere (z. B. Ihre Haustiere)<\/strong>\n<p style=\"padding-bottom: 10px; margin-top: 0px; margin-right: 0px; margin-bottom: 3px; margin-left: 0px; line-height: 18px; font: normal normal normal 12px\/normal 'Trebuchet MS'; min-height: 14px;\"><span style=\"color: #2d2dff;\">Der Gesundheitszustand der Tiere verbessert sich i.d.R. drastisch. Unangenehmer K\u00f6rpergeruch sowie \u00fcbel riechender Kot und Urin nehmen ab.<\/span><\/p>\n<p><\/span><\/li>\n<li><span style=\"color: #4100ff;\"><strong>Zum F\u00e4rben<\/strong>\n<p style=\"padding-bottom: 10px; margin-top: 0px; margin-right: 0px; margin-bottom: 3px; margin-left: 0px; line-height: 18px; font: normal normal normal 12px\/normal 'Trebuchet MS'; min-height: 14px;\"><span style=\"color: #2d2dff;\">Kangenwasser ist hervorragend zum F\u00e4rben von Kleidung und anderer Handarbeitsware geeignet. sie erhalten beeindruckend lebendige Farben!<\/span><\/p>\n<p><\/span><\/li>\n<li><span style=\"color: #4100ff;\"><strong>Zur Gesundheitspflege<\/strong>\n<p style=\"padding-bottom: 10px; margin-top: 0px; margin-right: 0px; margin-bottom: 3px; margin-left: 0px; line-height: 18px; font: normal normal normal 12px\/normal 'Trebuchet MS'; min-height: 14px;\"><span style=\"color: #2d2dff;\">Anhaltender Verwendung von Kangenwasser kann die saure Tendenz des K\u00f6rpers allm\u00e4hlich in einen basischen zustand verwandeln. Zur gesundheitlichen St\u00e4rkung trinken Sie bitte t\u00e4glich mindestens 2 Liter, um die Konstitution des K\u00f6rpers nach und nach von sauer auf basisch umzustellen.<\/span><\/p>\n<p style=\"padding-bottom: 10px; margin-top: 0px; margin-right: 0px; margin-bottom: 3px; margin-left: 0px; line-height: 18px; font: normal normal normal 12px\/normal 'Trebuchet MS'; min-height: 14px;\"><span style=\"color: #2d2dff;\">K<strong>alzium:<\/strong> Regelm\u00e4\u00dfiges Trinken von Kangenwasser f\u00fcllt den Kalziumspiegel wieder auf und tr\u00e4gt zr Verringerung von Reizbarkeit und generell zu einer besseren Gesundheit von Kindern bei.<\/span><\/p>\n<p style=\"padding-bottom: 10px; margin-top: 0px; margin-right: 0px; margin-bottom: 3px; margin-left: 0px; line-height: 18px; font: normal normal normal 12px\/normal 'Trebuchet MS'; min-height: 14px;\"><span style=\"color: #2d2dff;\"><strong>Darmreinigung:<\/strong> Erw\u00e4rmen Sie das Kangenwasser auf K\u00f6rpertemperatur, und verwenden Sie die Darmreinigungseinheit zum Ausscheiden der angesammelten Schlacken und Schadstoffe.<\/span><\/p>\n<p><\/span><\/li>\n<\/ol>\n<p style=\"padding-bottom: 10px; margin-top: 0px; margin-right: 0px; margin-bottom: 3px; margin-left: 0px;\">\n<p style=\"padding-bottom: 10px; margin-top: 0px; margin-right: 0px; margin-bottom: 3px; margin-left: 0px;\"><span style=\"color: #4100ff;\">Andere Anwendungen: Verlangsamen des Alterungsprozesses, Stabilisieren der K\u00f6rpertemperatur<\/span><\/p>\n<p style=\"padding-bottom: 10px; margin-top: 0px; margin-right: 0px; margin-bottom: 3px; margin-left: 0px;\"><span style=\"color: #4100ff;\">Nach einer der heutigen Theorien reduziert Kangenwasser freie Radikale. Deshalb wird es auch neuerdings das &#8222;Wasser gegen freie Radikale&#8220; genann<\/span><span style=\"color: #0000ff;\">t.<\/span><\/p>\n<\/p>\n<p>\n\t<strong>Ausf&uuml;hrliche Informationen zum Kangenwasserger&auml;t erhalten Sie auf Wunsch umgehend per eMail.<\/strong>\n<\/p>\n<p>\n\t<span style=\"font-size:14px;\">Bitte schauen Sie sich dazu das folgende <a href=\"http:\/\/c-boehling.de\/kangenwasser\/wasser-report\/\" target=\"_blank\"><strong>Video<\/strong><\/a> an und laden sich anschlie&szlig;end meinen aktuellen Kangenwasser-Report auf Ihren Rechner &#8211; kostenlos.<\/span>\n<\/p>\n<p>\n\t&nbsp;<\/p>\n","protected":false},"excerpt":{"rendered":"<p>Aus einer Infoschrift der Fa. Enagic &#8211; Hersteller des Kangenwasser Ger\u00e4tes: Absorption &#8230; Macht verschiedene Ingredienzen weicher L\u00f6sungseigenschaften &#8230; F\u00fcr effektives L\u00f6sen und Extrahieren von Inhaltsstoffen W\u00e4rmeleitung &#8230; Verk\u00fcrzt die Garzeit durch bessere W\u00e4rmeleitung Als Trinkwasser anwenden Trinken Sie morgens als erstes zwei bis drei Gl\u00e4ser Kangenwasser. Im Vergleich zum Leitungswasser ist Kangenwasser frei von [&hellip;]<\/p>\n","protected":false},"author":1,"featured_media":0,"parent":52,"menu_order":1,"comment_status":"closed","ping_status":"open","template":"","meta":{"jetpack_post_was_ever_published":false,"footnotes":""},"class_list":["post-54","page","type-page","status-publish","hentry"],"aioseo_notices":[],"jetpack_sharing_enabled":true,"_links":{"self":[{"href":"https:\/\/c-boehling.de\/kangenwasser\/wp-json\/wp\/v2\/pages\/54","targetHints":{"allow":["GET"]}}],"collection":[{"href":"https:\/\/c-boehling.de\/kangenwasser\/wp-json\/wp\/v2\/pages"}],"about":[{"href":"https:\/\/c-boehling.de\/kangenwasser\/wp-json\/wp\/v2\/types\/page"}],"author":[{"embeddable":true,"href":"https:\/\/c-boehling.de\/kangenwasser\/wp-json\/wp\/v2\/users\/1"}],"replies":[{"embeddable":true,"href":"https:\/\/c-boehling.de\/kangenwasser\/wp-json\/wp\/v2\/comments?post=54"}],"version-history":[{"count":8,"href":"https:\/\/c-boehling.de\/kangenwasser\/wp-json\/wp\/v2\/pages\/54\/revisions"}],"predecessor-version":[{"id":4906,"href":"https:\/\/c-boehling.de\/kangenwasser\/wp-json\/wp\/v2\/pages\/54\/revisions\/4906"}],"up":[{"embeddable":true,"href":"https:\/\/c-boehling.de\/kangenwasser\/wp-json\/wp\/v2\/pages\/52"}],"wp:attachment":[{"href":"https:\/\/c-boehling.de\/kangenwasser\/wp-json\/wp\/v2\/media?parent=54"}],"curies":[{"name":"wp","href":"https:\/\/api.w.org\/{rel}","templated":true}]}}