{"id":50,"date":"2009-06-29T18:15:57","date_gmt":"2009-06-29T16:15:57","guid":{"rendered":"http:\/\/c-boehling.de\/kangenwasser\/?page_id=50"},"modified":"2010-09-16T05:30:11","modified_gmt":"2010-09-16T03:30:11","slug":"destilliertes-wasser-umkehrosmose","status":"publish","type":"page","link":"https:\/\/c-boehling.de\/kangenwasser\/wasserqualitaten\/destilliertes-wasser-umkehrosmose\/","title":{"rendered":"Umkehrosmose"},"content":{"rendered":"<h3>Das Verfahren der Umkehrosmose zur Wasseraufbereitung<\/h3>\n<p>arbeitet mit einer Membran, die so fein ist, da\u00df das Wasser, das durch sie hindurch flie\u00dft, ann\u00e4hernd die Qualit\u00e4t von destilliertem Wasser &#8211; also H2O &#8211; bekommt.<\/p>\n<p>Solches Wasser ist einigerma\u00dfen geschmacksfrei, weich und vor allem sauber. \u00c4hnliches kann man auch f\u00fcr die Destillation unterstellen.<\/p>\n<table style=\"text-align: left; width: 100%;\" border=\"0\" cellspacing=\"2\" cellpadding=\"2\">\n<tbody>\n<tr>\n<td><script type=\"text\/javascript\">\/\/ < ![CDATA[\n google_ad_client = \"pub-0778880760885720\"; \/* 336x280, kangenwasser, blogpost, oben *\/ google_ad_slot = \"0963484716\"; google_ad_width = 336; google_ad_height = 280;\n\/\/ ]]><\/script><br \/>\n<script src=\"http:\/\/pagead2.googlesyndication.com\/pagead\/show_ads.js\" type=\"text\/javascript\">\n      <\/script><\/td>\n<td>Bei dieserart radikalem Verfahren zur Verbesserung der Wasserqualit\u00e4t gehen nat\u00fcrlich auch solche Inhaltsstoffe des Wassers verloren, die wir m\u00f6glicherweise gern im Wasser behalten w\u00fcrden.<\/p>\n<p>Nun gehen einige her und f\u00fcgen dem destillierten bzw. Umkehrosmose-Wasser nachtr\u00e4glich wieder Mineralstoffe hinzu. Als Kind habe ich sogar gesagt bekommen, destilliertes Wasser d\u00fcrfe ich nicht trinken, das sei sozusagen giftig. Dieser Glaube scheint nach meiner Beobachtung jedoch nur in Deutschland vorzukommen.<\/p>\n<p>Mineral- und N\u00e4hrstofflieferant ist unser Trinkwasser jedenfalls nach heutiger Auffassung der Wissenschaft nicht. Vielmehr sollte unser Trinkwasser in der Lage sein, N\u00e4hr- und Mineralstoffe angemessen transportieren und Stoffwechselabfallprodukte aus dem K\u00f6rper hinausbef\u00f6rdern zu k\u00f6nnen.<\/td>\n<\/tr>\n<\/tbody>\n<\/table>\n<p>Der ber\u00fchmte Japaner <strong>Dr. Emoto<\/strong> hat mit seinen Kristallbildern und Experimenten auf eine ganz andere Qualit\u00e4t des Wassers verwiesen. Danach ist Wasser ein enorm leistungsf\u00e4higer Informationsspeicher. Und was f\u00fcr Informationen sammelt das Wasser auf dem Weg von der Quelle \/ Talsperre \/ Brunnen bis hin zu Ihrem Wasserhahn?<\/p>\n<p>Oder welche Informationen speichert das Wasser in den Flaschen von der Abf\u00fcllung bis es bei Ihnen im Wasserglas perlt? Wer hat die K\u00e4sten gestapelt, hat sich bei seiner Arbeit \u00fcber alles M\u00f6gliche ge\u00e4rgert &#8230; Sind all diese Informationen nun in Ihrem Wasserglas &#8211; und dann vielleicht kurz sp\u00e4ter bei Ihrem Herzmuskel?<\/p>\n","protected":false},"excerpt":{"rendered":"<p>Das Verfahren der Umkehrosmose zur Wasseraufbereitung arbeitet mit einer Membran, die so fein ist, da\u00df das Wasser, das durch sie hindurch flie\u00dft, ann\u00e4hernd die Qualit\u00e4t von destilliertem Wasser &#8211; also H2O &#8211; bekommt. Solches Wasser ist einigerma\u00dfen geschmacksfrei, weich und vor allem sauber. \u00c4hnliches kann man auch f\u00fcr die Destillation unterstellen. Bei dieserart radikalem Verfahren [&hellip;]<\/p>\n","protected":false},"author":1,"featured_media":0,"parent":46,"menu_order":2,"comment_status":"closed","ping_status":"open","template":"","meta":{"jetpack_post_was_ever_published":false,"footnotes":""},"class_list":["post-50","page","type-page","status-publish","hentry"],"aioseo_notices":[],"jetpack_sharing_enabled":true,"_links":{"self":[{"href":"https:\/\/c-boehling.de\/kangenwasser\/wp-json\/wp\/v2\/pages\/50","targetHints":{"allow":["GET"]}}],"collection":[{"href":"https:\/\/c-boehling.de\/kangenwasser\/wp-json\/wp\/v2\/pages"}],"about":[{"href":"https:\/\/c-boehling.de\/kangenwasser\/wp-json\/wp\/v2\/types\/page"}],"author":[{"embeddable":true,"href":"https:\/\/c-boehling.de\/kangenwasser\/wp-json\/wp\/v2\/users\/1"}],"replies":[{"embeddable":true,"href":"https:\/\/c-boehling.de\/kangenwasser\/wp-json\/wp\/v2\/comments?post=50"}],"version-history":[{"count":7,"href":"https:\/\/c-boehling.de\/kangenwasser\/wp-json\/wp\/v2\/pages\/50\/revisions"}],"predecessor-version":[{"id":95,"href":"https:\/\/c-boehling.de\/kangenwasser\/wp-json\/wp\/v2\/pages\/50\/revisions\/95"}],"up":[{"embeddable":true,"href":"https:\/\/c-boehling.de\/kangenwasser\/wp-json\/wp\/v2\/pages\/46"}],"wp:attachment":[{"href":"https:\/\/c-boehling.de\/kangenwasser\/wp-json\/wp\/v2\/media?parent=50"}],"curies":[{"name":"wp","href":"https:\/\/api.w.org\/{rel}","templated":true}]}}