{"id":4335,"date":"2013-04-02T18:44:35","date_gmt":"2013-04-02T16:44:35","guid":{"rendered":"http:\/\/c-boehling.de\/kangenwasser\/?page_id=4335"},"modified":"2013-04-03T17:13:19","modified_gmt":"2013-04-03T15:13:19","slug":"gastautoren","status":"publish","type":"page","link":"https:\/\/c-boehling.de\/kangenwasser\/gastautoren\/","title":{"rendered":"Gastautoren"},"content":{"rendered":"<h1 style=\"text-align: center;\">Schreiben Sie als Gastautor auf meinem Blog<\/h1>\n<p>Dieser Blog hat zur Zeit ca. 100 Artikel, die meisten davon aus meiner Feder.<\/p>\n<p>Mit steigender Besucherzahl m\u00f6chte ich nun auch Gastautoren die M\u00f6glichkeit geben, hier ihre Beitr\u00e4ge zu ver\u00f6ffentlichen.<\/p>\n<p>Darin sehe ich nicht nur eine Aufwertung des Blogs sondern vor allem auch f\u00fcr Sie als Gastautor einige wertvolle Vorteile:<\/p>\n<p>[list style=&#8220;17&#8243;]<\/p>\n<ul>\n<li><span style=\"font-size: 13px; line-height: 19px;\">mit Gastbeitr\u00e4gen werten Sie sich als Experte in Ihrem Bereich auf<\/span><\/li>\n<li><span style=\"font-size: 13px; line-height: 19px;\">mit Gastbeitr\u00e4gen vergr\u00f6\u00dfern Sie die Besucherzahl auf Ihrer eigenen Homepage<\/span><\/li>\n<li><span style=\"font-size: 13px; line-height: 19px;\">mit Gastbeitr\u00e4gen steigern Sie Ihren Bekanntheitsgrad<\/span><\/li>\n<\/ul>\n<p>[\/list]<\/p>\n<p>Eine klassische Win-Win-Situation also, weshalb ich Gastautoren die M\u00f6glichkeit gebe, hier kostenlos ihre eigenen Fachartikel zu ver\u00f6ffentlichen.<\/p>\n<p>Damit es sich f\u00fcr alle Beteiligten und vor allem f\u00fcr die Leser lohnt, bitte ich folgende Hinweise zu beachten:<\/p>\n<p>&nbsp;<\/p>\n<h3>Was qualifiziert Sie als Gastautor?<\/h3>\n<p>[list style=&#8220;17&#8243;]<\/p>\n<ul>\n<li><span style=\"font-size: 13px; line-height: 19px;\">Sie haben Erfahrung im Gesundheitsbereich (z. B. als Arzt, Heilpraktiker, Therapeut, Unternehmer, Sportler, Trainer, Manager \u2026)<\/span><\/li>\n<li><span style=\"font-size: 13px; line-height: 19px;\">Sie sind Spezialist auf einem bestimmten Fachgebiet, z. B. Sportmedizin, Arbeitsplatzgestaltung, Schule und Gesundheit, Versicherung \u2026<\/span><\/li>\n<li><span style=\"font-size: 13px; line-height: 19px;\">Sie m\u00f6chten Ihren Lesern vermitteln, da\u00df Eigenverantwortung und Eigeninitiative wichtig sind f\u00fcr ihr Wohlbefinden<\/span><\/li>\n<li><span style=\"font-size: 13px; line-height: 19px;\">Sie k\u00f6nnen sich vorstellen, da\u00df Wasser dabei einen wertvollen Beitrag leistet<\/span><\/li>\n<\/ul>\n<p>[\/list]<\/p>\n<p>&nbsp;<\/p>\n<h3>Zum Ablauf<\/h3>\n<p>Senden Sie mir Ihren Artikel-Vorschlag per Mail an <a href=\"mailto:wasser@c-boehling.de\">wasser@c-boehling.de<\/a> (eine Zusammenfassung reicht zun\u00e4chst auch aus) oder \u00fcber das Formular ganz unten auf dieser Seite.<br \/>\nDieser sollte nat\u00fcrlich zu den Inhalten auf diesem Blog passen. Dazu geh\u00f6ren Beitr\u00e4ge zu gesundheitlichen Aspekten, Krankheitsbildern, Gesundheitstipps, neuen Therapieformen, wissenschaftlichen Studien etc., die Ihren Lesern helfen, gesundheitliche Gefahren zu vermeiden oder ihr Wohlbefinden zu verbessern.<br \/>\nIch werde Ihren Artikel, nachdem er gepr\u00fcft wurde, auf meinem Blog <a href=\"http:\/\/c-boehling.de\/kangenwasser\">http:\/\/c-boehling.de\/kangenwasser<\/a> in der Kategorie &#8222;Gastartikel&#8220; ver\u00f6ffentlichen. Sollten dazu noch Fragen gekl\u00e4rt werden m\u00fcssen, setze ich mich kurzfristig mit Ihnen in Verbindung. Bitte geben Sie dazu auch Ihre Telefonnummer an, unter der ich Sie zu den \u00fcblichen Gesch\u00e4ftszeiten erreichen kann.<\/p>\n<p>Bitte orientieren Sie sich an folgender Checkliste!<\/p>\n<p>&nbsp;<\/p>\n<h3>Checkliste f\u00fcr Gastautoren<\/h3>\n<p>Bei der Gestaltung Ihrer Beitr\u00e4ge beachten Sie bitte folgende Qualit\u00e4tsmerkmale:<\/p>\n<h5><em>Bieten Sie Ihren Lesern einen Mehrwert!<\/em><\/h5>\n<p>Ihre Leser erwarten von Ihnen Information, die ihrem Wohlbefinden und ihrer Lebensqualit\u00e4t dienen.<\/p>\n<h5><em>Thema Wasser<\/em><\/h5>\n<p>Die Leser dieses Blogs interessieren sich f\u00fcr die Eigenschaften von basischem ionisiertem Wasser. Sie erwarten Hilfestellung bei der Frage, ob dieses Wasser f\u00fcr sie sinnvoll und n\u00fctzlich sein k\u00f6nnte. Beispielsweise kann eine anschauliche Darstellung des Zusammenhangs zwischen der Wirkungseise des Wassers im Stoffwechsel und Ihrer Therapie f\u00fcr die Leser sehr hilfreich sein.<\/p>\n<h5><em>Lesbarkeit<\/em><\/h5>\n<p>Bitte stellen Sie Ihr Wissen in leicht verst\u00e4ndlicher Form dar. Die meisten meiner Leser sind nicht vom Fach. Dennoch haben sie Anspruch auf fundierte Information. Dazu sind Fachbegriffe manchmal unumg\u00e4nglich, doch sollten diese dann auch anschaulich erkl\u00e4rt werden.<\/p>\n<h5><em>Einzigartigkeit nicht zwingend aber hilfreich<\/em><\/h5>\n<p>Ihr Artikel ist im Idealfall noch nirgendwo sonst erschienen. Wenn Sie aber auf bereits von Ihnen ver\u00f6ffentlichte Artikel zur\u00fcckgreifen m\u00f6chten \/ m\u00fcssen, ist es hilfreich, wenn Sie Ihren Artikel ein wenig modifizieren, so da\u00df er f\u00fcr Suchmaschinen wieder als einzigartig erkannt wird.<\/p>\n<h5><em>Verlinkung auf Ihr eigenes Website<\/em><\/h5>\n<p>Mit thematisch passenden Links auf Ihre eigenen Webinhalte im Kontext Ihres Artikels steigern Sie Ihr Ranking bei den Suchmaschinen. Ihre Artikel sollten einen (max. 2) Textlink sowie ein verlinktes Bild \/ Grafik enthalten. Diese haben in den Augen der Suchmaschinen einen h\u00f6heren Stellenwert als ein einfacher Backlink oder eine Anzeige. So liefern sie Ihnen kostenlos Besucher auf Ihr eigenes Website auch noch in Jahren. Mit wachsender Anzahl von Beitr\u00e4gen steigt auch die Anzahl der Besucher auf diesem Blog und damit auch auf Ihrem Website. Die klassische Win-Win-Situation.<\/p>\n<h5><em>L\u00e4nge Ihres Artikels<\/em><\/h5>\n<p>Ihr Artikel sollte mindestens 450 W\u00f6rter umfassen. Wenn Sie sehr viel mitzuteilen haben, k\u00f6nnen wir daraus auch eine Artikel-Serie machen, ggf. in einer eigenen Kategorie. Sprechen Sie mich an.<\/p>\n<h5><em>Attraktivit\u00e4t f\u00fcr Leser und Suchmaschinen<\/em><\/h5>\n<p>Ein Bild sagt bekanntlich mehr als tausend Worte. Werden Sie also nicht \u00fcber die Ma\u00dfen fachlich, und verwenden Sie, wenn m\u00f6glich, anschauliche Beispiele f\u00fcr das, was Sie vermitteln m\u00f6chten. Bitte benennen Sie ein zentrales Keyword \/ Keyphrase (also ein Suchbegriff, der auch 3-4 W\u00f6rter lang sein darf), das quasi das Kernthema Ihres Artikels darstellt. Dieses Keyword \/ Keyphrase sollte nach M\u00f6glichkeit ab und zu in Ihrem Artikel auftauchen, jedoch nicht zu h\u00e4ufig, da Ihr Artikel ansonsten als &#8222;spammy&#8220; von den Suchmaschinen abgestuft wird. Au\u00dferdem schreiben Sie bitte eine kurze Zusammenfassung Ihres Artikels mit max. 156 Zeichen (soviel wird von Google in den Suchergebnissen angezeigt), die den Sucher animiert, Ihren Artikel lesen zu wollen.<\/p>\n<h5><em>Gestaltung<\/em><\/h5>\n<p>Wenn Sie Ihren Beitrag in \u00fcberschaubare Abs\u00e4tze mit dazu passenden \u00dcberschriften unterteilen, erspart mir dies langwieriges Nacharbeiten und erleichtert Ihren Lesern das Verst\u00e4ndnis.<\/p>\n<h5><em>Stellen Sie sich als Autor kurz vor<\/em><\/h5>\n<p>Am Ende des Artikel sollten Sie sich als Autor kurz vorstellen. Wer Sie sind, was Sie machen, Ihre Qualifikation, Referenzen etc.. Nat\u00fcrlich geh\u00f6rt hier auch ein Link hin, der auf Sie verweist.<\/p>\n<h5><em>Rechtssicherheit<\/em><\/h5>\n<p>Mit der Bereitstellung Ihres Artikels auf meinem Blog versichern Sie, da\u00df Sie der Urheber des Artikels sind und damit keine Rechte anderer verletzen.<\/p>\n<h5><em>Vorteile f\u00fcr Sie als Gastautor<\/em><\/h5>\n<p>Durch die Ver\u00f6ffentlichung Ihrer Gastartikel auf meinem Blog nutzen Sie gleich mehrere Vorteile f\u00fcr sich:<br \/>\n[list style=&#8220;17&#8243;]<\/p>\n<ul>\n<li><span style=\"font-size: 13px; line-height: 19px;\">Sie steigern Ihren Bekanntheitsgrad<\/span><\/li>\n<li><span style=\"font-size: 13px; line-height: 19px;\">Sie geben sich als Experte auf Ihrem Gebiet zu erkennen<\/span><\/li>\n<li><span style=\"font-size: 13px; line-height: 19px;\">Sie gewinnen neue Besucher auf Ihrem eigenen Website<\/span><\/li>\n<li><span style=\"font-size: 13px; line-height: 19px;\">Sie steigern die Attraktivit\u00e4t Ihres eigenen Angebotes<\/span><\/li>\n<li><span style=\"font-size: 13px; line-height: 19px;\">Sie erh\u00f6hen das Suchmaschinenranking durch qualifizierte Backlinks<\/span><\/li>\n<li><span style=\"font-size: 13px; line-height: 19px;\">Sie nutzen den viralen Effekt \u00fcber die gleichzeitige Ver\u00f6ffentlichung auf Twitter und Facebook (und anderen von Ihren Lesern genutzen sozialen Netzwerken)<\/span><\/li>\n<\/ul>\n<p>[\/list]<\/p>\n<h5><em>Freigabe nach Pr\u00fcfung<\/em><\/h5>\n<p>Vor Ver\u00f6ffentlichung wird jeder Gastartikel entsprechend der obigen Kriterien gepr\u00fcft. Umgehend nach Ver\u00f6ffentlichung erhalten Sie eine Mail mit dem Link auf Ihren Beitrag, den Sie auch f\u00fcr die Verbreitung \u00fcber Ihre eigenen sozialen Netzwerke (Twitter, Facebook, Pinterest, LinkedIn, Xing etc.) nutzen k\u00f6nnen. Falls es Probleme mit der Freigabe Ihres Artikels geben sollte, werden Sie umgehend informiert. So k\u00f6nnen wir gemeinsam an der Optimierung arbeiten. Beitr\u00e4ge, die als plumpe Produktwerbung erkannt werden, k\u00f6nnen hier nicht ver\u00f6ffentlicht werden. Ich weise darauf hin, da\u00df Sie als Autor f\u00fcr die Richtigkeit und Gesetzm\u00e4\u00dfigkeit Ihrer Inhalte selbst verantwortlich sind und ich als Betreiber dieses Blogs keinerlei Haftung \u00fcbernehmen kann.<\/p>\n<h5><em>Geben und Nehmen<\/em><\/h5>\n<p>Wenn Sie es w\u00fcnschen, und wenn es thematisch pa\u00dft, schreibe ich auch gern einen Artikel auf Ihrem Website. Auf diese Weise lassen sich synergetische Effekte nutzen. Studieren Sie aufmerksam die Inhalte meines Blogs, und dann machen Sie mir einen Vorschlag, zu welchem Thema Sie einen Beitrag von mir w\u00fcnschen.<\/p>\n","protected":false},"excerpt":{"rendered":"<p>Schreiben Sie als Gastautor auf meinem Blog Dieser Blog hat zur Zeit ca. 100 Artikel, die meisten davon aus meiner Feder. Mit steigender Besucherzahl m\u00f6chte ich nun auch Gastautoren die M\u00f6glichkeit geben, hier ihre Beitr\u00e4ge zu ver\u00f6ffentlichen. Darin sehe ich nicht nur eine Aufwertung des Blogs sondern vor allem auch f\u00fcr Sie als Gastautor einige [&hellip;]<\/p>\n","protected":false},"author":1,"featured_media":4330,"parent":0,"menu_order":0,"comment_status":"closed","ping_status":"closed","template":"template-fullWidth.php","meta":{"jetpack_post_was_ever_published":false,"footnotes":""},"class_list":["post-4335","page","type-page","status-publish","has-post-thumbnail","hentry"],"aioseo_notices":[],"jetpack_sharing_enabled":true,"_links":{"self":[{"href":"https:\/\/c-boehling.de\/kangenwasser\/wp-json\/wp\/v2\/pages\/4335","targetHints":{"allow":["GET"]}}],"collection":[{"href":"https:\/\/c-boehling.de\/kangenwasser\/wp-json\/wp\/v2\/pages"}],"about":[{"href":"https:\/\/c-boehling.de\/kangenwasser\/wp-json\/wp\/v2\/types\/page"}],"author":[{"embeddable":true,"href":"https:\/\/c-boehling.de\/kangenwasser\/wp-json\/wp\/v2\/users\/1"}],"replies":[{"embeddable":true,"href":"https:\/\/c-boehling.de\/kangenwasser\/wp-json\/wp\/v2\/comments?post=4335"}],"version-history":[{"count":20,"href":"https:\/\/c-boehling.de\/kangenwasser\/wp-json\/wp\/v2\/pages\/4335\/revisions"}],"predecessor-version":[{"id":4337,"href":"https:\/\/c-boehling.de\/kangenwasser\/wp-json\/wp\/v2\/pages\/4335\/revisions\/4337"}],"wp:featuredmedia":[{"embeddable":true,"href":"https:\/\/c-boehling.de\/kangenwasser\/wp-json\/wp\/v2\/media\/4330"}],"wp:attachment":[{"href":"https:\/\/c-boehling.de\/kangenwasser\/wp-json\/wp\/v2\/media?parent=4335"}],"curies":[{"name":"wp","href":"https:\/\/api.w.org\/{rel}","templated":true}]}}