{"id":35,"date":"2009-06-29T18:05:11","date_gmt":"2009-06-29T16:05:11","guid":{"rendered":"http:\/\/c-boehling.de\/kangenwasser\/?page_id=35"},"modified":"2010-09-16T06:17:53","modified_gmt":"2010-09-16T04:17:53","slug":"beinahe-wasser","status":"publish","type":"page","link":"https:\/\/c-boehling.de\/kangenwasser\/arten-von-wassertafelwasser\/beinahe-wasser\/","title":{"rendered":"Beinahe-Wasser"},"content":{"rendered":"<h3>Mit dem <em>Beinahe-Wasser<\/em> hat sich die Industrie wieder was Cleveres einfallen lassen.<\/h3>\n<table style=\"text-align: left; width: 100%;\" border=\"0\" cellspacing=\"2\" cellpadding=\"2\">\n<tbody>\n<tr>\n<td><script type=\"text\/javascript\">\/\/ < ![CDATA[\n google_ad_client = \"pub-0778880760885720\"; \/* 336x280, kangenwasser, blogpost, oben *\/ google_ad_slot = \"0963484716\"; google_ad_width = 336; google_ad_height = 280;\n\/\/ ]]><\/script><br \/>\n<script src=\"http:\/\/pagead2.googlesyndication.com\/pagead\/show_ads.js\" type=\"text\/javascript\">\n      <\/script><\/td>\n<td>Was macht man, wenn man alle strengen Verordnungen elegant umgehen will? Man erfindet einfach etwas Neues &#8211; oder gibt dem Alten einen neuen Namen.<\/p>\n<p>In diesem Fall hei\u00dft das Gebr\u00e4u <em><strong>\u201eNear Water\u201c<\/strong><\/em> &#8211; oder auf Deutsch eben <strong><em>&#8222;Beinahe-Wasser&#8220;<\/em><\/strong>!<\/p>\n<p>Hierbei handelt es sich einfach um irgend ein Wasser, dem etwas beigemischt wird, z. B. nat\u00fcrliche oder k\u00fcnstliche Aromen, Sauerstoff, ein paar extra Mineralien oder was auch immer f\u00fcr Wirkstoffe.<\/p>\n<p>In der Wellness-Industrie wird auch gern mit Gesundheit geworben, wenn eben etwas Aloe Vera, Melisse oder f\u00fcr die Sportler zus\u00e4tzlicher Sauerstoff zugef\u00fcgt wird.<\/td>\n<\/tr>\n<\/tbody>\n<\/table>\n","protected":false},"excerpt":{"rendered":"<p>Mit dem Beinahe-Wasser hat sich die Industrie wieder was Cleveres einfallen lassen. Was macht man, wenn man alle strengen Verordnungen elegant umgehen will? Man erfindet einfach etwas Neues &#8211; oder gibt dem Alten einen neuen Namen. In diesem Fall hei\u00dft das Gebr\u00e4u \u201eNear Water\u201c &#8211; oder auf Deutsch eben &#8222;Beinahe-Wasser&#8220;! Hierbei handelt es sich einfach [&hellip;]<\/p>\n","protected":false},"author":1,"featured_media":0,"parent":29,"menu_order":6,"comment_status":"closed","ping_status":"open","template":"","meta":{"jetpack_post_was_ever_published":false,"footnotes":""},"class_list":["post-35","page","type-page","status-publish","hentry"],"aioseo_notices":[],"jetpack_sharing_enabled":true,"_links":{"self":[{"href":"https:\/\/c-boehling.de\/kangenwasser\/wp-json\/wp\/v2\/pages\/35","targetHints":{"allow":["GET"]}}],"collection":[{"href":"https:\/\/c-boehling.de\/kangenwasser\/wp-json\/wp\/v2\/pages"}],"about":[{"href":"https:\/\/c-boehling.de\/kangenwasser\/wp-json\/wp\/v2\/types\/page"}],"author":[{"embeddable":true,"href":"https:\/\/c-boehling.de\/kangenwasser\/wp-json\/wp\/v2\/users\/1"}],"replies":[{"embeddable":true,"href":"https:\/\/c-boehling.de\/kangenwasser\/wp-json\/wp\/v2\/comments?post=35"}],"version-history":[{"count":7,"href":"https:\/\/c-boehling.de\/kangenwasser\/wp-json\/wp\/v2\/pages\/35\/revisions"}],"predecessor-version":[{"id":357,"href":"https:\/\/c-boehling.de\/kangenwasser\/wp-json\/wp\/v2\/pages\/35\/revisions\/357"}],"up":[{"embeddable":true,"href":"https:\/\/c-boehling.de\/kangenwasser\/wp-json\/wp\/v2\/pages\/29"}],"wp:attachment":[{"href":"https:\/\/c-boehling.de\/kangenwasser\/wp-json\/wp\/v2\/media?parent=35"}],"curies":[{"name":"wp","href":"https:\/\/api.w.org\/{rel}","templated":true}]}}