{"id":111,"date":"2009-07-08T12:21:20","date_gmt":"2009-07-08T10:21:20","guid":{"rendered":"http:\/\/c-boehling.de\/kangenwasser\/?page_id=111"},"modified":"2014-07-17T19:17:06","modified_gmt":"2014-07-17T17:17:06","slug":"das-wunder-des-wassers","status":"publish","type":"page","link":"https:\/\/c-boehling.de\/kangenwasser\/about\/das-wunder-des-wassers\/","title":{"rendered":"Das Wunder des Wassers"},"content":{"rendered":"<p>Das Wunder des Wassers enth\u00e4lt bis heute noch zahllose, bisher nicht entschl\u00fcsselte R\u00e4tsel, aller wissenschaftlicher Fortschritte und modernen Me\u00dfmethoden zum trotz.<br \/>\nWasser ist Leben. Ohne Wasser kein Leben.<\/p>\n<p>Und genau wie die Geheimnisse des Lebens bisher nicht entschl\u00fcsselt worden sind, gibt uns unser Wasser unz\u00e4hlige R\u00e4tsel auf &#8211; obwohl es doch nur einfach Wasser ist. Wasser, ohne das wir nicht leben k\u00f6nnen.<\/p>\n<p>Sehen Sie nachfolgend einen spannenden Filmbericht \u00fcber die Geheimnisse des Wassers, und staunen Sie \u00fcber erstaunliche Ph\u00e4nomene, die die Wissenschaft bis heute nicht einmal im Ansatz erkl\u00e4ren kann.<\/p>\n<p>1 \/ 6<br \/>\n<iframe src=\"http:\/\/www.youtube.com\/embed\/MtITch2Imeo?rel=0\" height=\"315\" width=\"560\" allowfullscreen=\"\" frameborder=\"0\"><\/iframe><\/p>\n<p><a href=\"#formular\">Mehr \u00fcber Wasser erfahren &#8230;<\/a><br \/>\n2 \/ 6<br \/>\n<iframe src=\"http:\/\/www.youtube.com\/embed\/zHMqPJl-d3o?rel=0\" height=\"315\" width=\"560\" allowfullscreen=\"\" frameborder=\"0\"><\/iframe><\/p>\n<p><a href=\"#formular\">Mehr \u00fcber Wasser erfahren &#8230;<\/a><br \/>\n3 \/ 6<br \/>\n<iframe src=\"http:\/\/www.youtube.com\/embed\/yv2STcGVg3k?rel=0\" height=\"315\" width=\"560\" allowfullscreen=\"\" frameborder=\"0\"><\/iframe><\/p>\n<p><a href=\"#formular\">Mehr \u00fcber Wasser erfahren &#8230;<\/a><br \/>\n4 \/ 6<br \/>\n<iframe src=\"http:\/\/www.youtube.com\/embed\/5_mlolDMmxc?rel=0\" height=\"315\" width=\"560\" allowfullscreen=\"\" frameborder=\"0\"><\/iframe><\/p>\n<p><a href=\"#formular\">Mehr \u00fcber Wasser erfahren &#8230;<\/a><br \/>\n5 \/ 6<br \/>\n<iframe src=\"http:\/\/www.youtube.com\/embed\/7yCJY_KCfU4?rel=0\" height=\"315\" width=\"560\" allowfullscreen=\"\" frameborder=\"0\"><\/iframe><\/p>\n<p><a href=\"#formular\">Mehr \u00fcber Wasser erfahren &#8230;<\/a><br \/>\n6 \/ 6<br \/>\n<iframe src=\"http:\/\/www.youtube.com\/embed\/MtITch2Imeo?rel=0\" height=\"315\" width=\"560\" allowfullscreen=\"\" frameborder=\"0\"><\/iframe><\/p>\n<p><a href=\"#formular\">Mehr \u00fcber Wasser erfahren &#8230;<\/a><\/p>\n<p>Mehr \u00fcber gesundes Wasser, das von vielen Menschen liebevoll &#8222;Wunderwasser&#8220; genannt wird, k\u00f6nnen Sie hier anfordern:<br \/>\n<a name=\"formular\"><\/a><\/p>\n<form action=\"http:\/\/www.c-boehling.de\/responder24\/action\/subscribe.php\" method=\"post\">\n<div style=\"width: 250px; text-align: center;\"><img decoding=\"async\" alt=\"\" src=\"http:\/\/www.c-boehling.de\/responder24\/views\/default\/images\/red-handdrawn_top.gif\" \/><\/div>\n<div style=\"border: 1px solid #999; background-color: #fff; -moz-border-radius: 6px; -webkit-border-radius: 6px; border-radius: 6px; padding: 20px; width: 250px; text-align: center;\">\n<table style=\"margin: 0 auto;\">\n<tbody>\n<tr>\n<td style=\"padding-right: 10px; text-align: right;\" valign=\"middle\">Anrede:<\/td>\n<td style=\"text-align: left;\"><select id=\"anrede\" style=\"border: 1px solid #999; -moz-border-radius: 3px; -webkit-border-radius: 3px; border-radius: 3px; padding: 2px 3px; width: 80px; margin: 3px 0;\" name=\"salutation\"><option value=\"Herr\">Herr<\/option><option value=\"Frau\">Frau<\/option><\/select><\/td>\n<\/tr>\n<tr>\n<td style=\"padding-right: 10px; text-align: right;\" valign=\"middle\">Vorname:<\/td>\n<td><input style=\"border: 1px solid #999; -moz-border-radius: 3px; -webkit-border-radius: 3px; border-radius: 3px; padding: 2px 3px; width: 140px; margin: 3px 0;\" type=\"text\" maxlength=\"255\" name=\"firstname\" value=\"\" \/><\/td>\n<\/tr>\n<tr>\n<td style=\"padding-right: 10px; text-align: right;\" valign=\"middle\">Nachname:<\/td>\n<td><input style=\"border: 1px solid #999; -moz-border-radius: 3px; -webkit-border-radius: 3px; border-radius: 3px; padding: 2px 3px; width: 140px; margin: 3px 0;\" type=\"text\" maxlength=\"255\" name=\"lastname\" value=\"\" \/><\/td>\n<\/tr>\n<tr>\n<td style=\"padding-right: 10px; text-align: right;\" valign=\"middle\">E-Mail:<\/td>\n<td><input style=\"border: 1px solid #999; -moz-border-radius: 3px; -webkit-border-radius: 3px; border-radius: 3px; padding: 2px 3px; width: 140px; margin: 3px 0;\" type=\"text\" maxlength=\"255\" name=\"email\" value=\"\" \/><input type=\"hidden\" name=\"id\" value=\"1\" \/><\/td>\n<\/tr>\n<tr>\n<td style=\"padding-right: 10px; text-align: right;\" valign=\"middle\">Distr. ID:<\/td>\n<td><input type=\"hidden\" name=\"other_name\" value=\"Distr. ID\" \/><input style=\"border: 1px solid #999; -moz-border-radius: 3px; -webkit-border-radius: 3px; border-radius: 3px; padding: 2px 3px; width: 140px; margin: 3px 0;\" type=\"text\" maxlength=\"255\" name=\"other\" value=\"\" \/><\/td>\n<\/tr>\n<tr>\n<td colspan=\"2\"><input style=\"width: 160px; border: 0px solid; -moz-border-radius: 6px; -webkit-border-radius: 6px; border-radius: 6px; color: #fff; text-shadow: 0 1px 1px #333; font: 16px\/100% Arial,sans-serif,Tahoma,Verdana; cursor: pointer; display: inline-block; line-height: 22px; outline: none; vertical-align: baseline; background: #0CC731 url('http:\/\/www.c-boehling.de\/responder24\/views\/default\/images\/button_bg.png') repeat-x bottom right; padding: 5px 46px 5px 20px; margin: 10px 0 0; font-weight: bold;\" type=\"submit\" value=\"Eintragen\" \/><\/td>\n<\/tr>\n<\/tbody>\n<\/table>\n<\/div>\n<\/form>\n<div style=\"width: 300px; text-align: center;\"><img decoding=\"async\" alt=\"\" src=\"http:\/\/www.c-boehling.de\/responder24\/views\/default\/images\/red-handdrawn_btm.gif\" \/><\/div>\n<p>Falls Sie bereits ein Kangenwasser Ger\u00e4t besitzen, habe ich ein ganz besonderes Angebot f\u00fcr Sie, das Ihnen die Pr\u00e4sentation Ihres Kangenwasser Ger\u00e4tes erheblich erleichtern wird.<br \/>\nTragen Sie dazu bitte auch Ihre Enagic Distr. ID Nummer ein.<\/p>\n","protected":false},"excerpt":{"rendered":"<p>Das Wunder des Wassers enth\u00e4lt bis heute noch zahllose, bisher nicht entschl\u00fcsselte R\u00e4tsel, aller wissenschaftlicher Fortschritte und modernen Me\u00dfmethoden zum trotz. Wasser ist Leben. Ohne Wasser kein Leben. Und genau wie die Geheimnisse des Lebens bisher nicht entschl\u00fcsselt worden sind, gibt uns unser Wasser unz\u00e4hlige R\u00e4tsel auf &#8211; obwohl es doch nur einfach Wasser ist. [&hellip;]<\/p>\n","protected":false},"author":1,"featured_media":4063,"parent":2,"menu_order":1,"comment_status":"open","ping_status":"open","template":"","meta":{"jetpack_post_was_ever_published":false,"footnotes":""},"class_list":["post-111","page","type-page","status-publish","has-post-thumbnail","hentry"],"aioseo_notices":[],"jetpack_sharing_enabled":true,"_links":{"self":[{"href":"https:\/\/c-boehling.de\/kangenwasser\/wp-json\/wp\/v2\/pages\/111","targetHints":{"allow":["GET"]}}],"collection":[{"href":"https:\/\/c-boehling.de\/kangenwasser\/wp-json\/wp\/v2\/pages"}],"about":[{"href":"https:\/\/c-boehling.de\/kangenwasser\/wp-json\/wp\/v2\/types\/page"}],"author":[{"embeddable":true,"href":"https:\/\/c-boehling.de\/kangenwasser\/wp-json\/wp\/v2\/users\/1"}],"replies":[{"embeddable":true,"href":"https:\/\/c-boehling.de\/kangenwasser\/wp-json\/wp\/v2\/comments?post=111"}],"version-history":[{"count":21,"href":"https:\/\/c-boehling.de\/kangenwasser\/wp-json\/wp\/v2\/pages\/111\/revisions"}],"predecessor-version":[{"id":5019,"href":"https:\/\/c-boehling.de\/kangenwasser\/wp-json\/wp\/v2\/pages\/111\/revisions\/5019"}],"up":[{"embeddable":true,"href":"https:\/\/c-boehling.de\/kangenwasser\/wp-json\/wp\/v2\/pages\/2"}],"wp:featuredmedia":[{"embeddable":true,"href":"https:\/\/c-boehling.de\/kangenwasser\/wp-json\/wp\/v2\/media\/4063"}],"wp:attachment":[{"href":"https:\/\/c-boehling.de\/kangenwasser\/wp-json\/wp\/v2\/media?parent=111"}],"curies":[{"name":"wp","href":"https:\/\/api.w.org\/{rel}","templated":true}]}}